{"id":447,"date":"2024-03-19T19:57:26","date_gmt":"2024-03-19T18:57:26","guid":{"rendered":"http:\/\/foto-adventure.de\/?page_id=447"},"modified":"2024-03-25T20:40:44","modified_gmt":"2024-03-25T19:40:44","slug":"travel-history","status":"publish","type":"page","link":"https:\/\/foto-adventure.de\/index.php\/travel-history\/","title":{"rendered":"Travel History"},"content":{"rendered":"<table width=\"80%\">\n<tbody>\n<tr>\n<td><strong>1971<\/strong><\/td>\n<td><strong>Polen<\/strong> und Abstecher nach Prag<\/td>\n<\/tr>\n<tr>\n<td><strong>1976<\/strong><\/td>\n<td><strong>Polen<\/strong> (Maradki) &#8211; Natur pur<\/td>\n<\/tr>\n<tr>\n<td><strong>1977<\/strong><\/td>\n<td><strong>Polen<\/strong> (Maradki) &#8211; Angeln und Boot fahren<\/td>\n<\/tr>\n<tr>\n<td><strong>1979<\/strong><\/td>\n<td><strong>Ostsee<\/strong><br \/>\n<strong>Polen<\/strong> (Maradki) &#8211; Angeln und Boot fahren<\/td>\n<\/tr>\n<tr>\n<td><strong>1980<\/strong><\/td>\n<td><strong>Polen<\/strong> &#8211; Besuch bei Bekannten<\/td>\n<\/tr>\n<tr>\n<td><strong>1981<\/strong><\/td>\n<td><strong>Berlin<\/strong> &#8211; Camping im Umland<\/td>\n<\/tr>\n<tr>\n<td><strong>1982<\/strong><\/td>\n<td><strong>Ungarn<\/strong> (Balaton) &#8211; Treffen mit Verwandten<br \/>\n<strong>Berlin<\/strong> &#8211; Camping im Umland<\/td>\n<\/tr>\n<tr>\n<td><strong>1983<\/strong><\/td>\n<td><strong>Berlin<\/strong> &#8211; Camping im Umland<br \/>\n<strong>Ungarn<\/strong> (Balaton) &#8211; Treffen mit Bekannten aus Paris<\/td>\n<\/tr>\n<tr>\n<td><strong>1984<\/strong><\/td>\n<td><strong>UdSSR<\/strong> &#8211; Besichtigung der Sehensw\u00fcrdigkeiten von Leningrad<\/td>\n<\/tr>\n<tr>\n<td><strong>1985<\/strong><\/td>\n<td><strong>Berlin<\/strong> &#8211; Camping im Umland<\/td>\n<\/tr>\n<tr>\n<td><strong>1986<\/strong><\/td>\n<td><strong>Berlin<\/strong> &#8211; k\u00fcrzeste und doch gr\u00f6\u00dfte Reise mit der U-Bahn<strong><br \/>\nHolland<\/strong> &#8211; Rundtour<br \/>\n<strong>Belgien-Luxemburg-Frankreich<\/strong> &#8211; Autoreise zu Bekannten in Paris<\/td>\n<\/tr>\n<tr>\n<td><strong>1987<\/strong><\/td>\n<td><strong>Mallorca<\/strong> &#8211; spontane Busreise<br \/>\n<strong>Canada<\/strong> &#8211; Besuch bei Bekannten in Quebec und Abstecher nach USA<\/td>\n<\/tr>\n<tr>\n<td><strong>1988<\/strong><\/td>\n<td><strong>Tunesien<\/strong> &#8211; Kamelausflug bei 46\u00b0C im Schatten<\/td>\n<\/tr>\n<tr>\n<td><strong>1989<\/strong><\/td>\n<td><strong>Ungarn-Jugoslawien-\u00d6sterreich<\/strong> &#8211; Autoreise zu den Natursch\u00f6nheiten<br \/>\n<strong>\u00d6sterreich<\/strong> &#8211; Bergwanderung auf fast 3000m<\/td>\n<\/tr>\n<tr>\n<td><strong>1990<\/strong><\/td>\n<td><strong>Zypern<\/strong> &#8211; mit Schiffsreise nach \u00c4gypten (Kairo und Pyramiden)<\/td>\n<\/tr>\n<tr>\n<td><strong>1991<\/strong><\/td>\n<td><strong>Kenia<\/strong> &#8211; kommerzielle Safari und Strandurlaub<\/td>\n<\/tr>\n<tr>\n<td><strong>1992<\/strong><\/td>\n<td><strong>Ostsee<\/strong> &#8211; wiedermal den Umgang mit dem Zelt \u00fcben<br \/>\n<strong>Fuerteventura und Lanzarote<\/strong> &#8211; mit Jeep und Zelt unterwegs<\/td>\n<\/tr>\n<tr>\n<td><strong>1993<\/strong><\/td>\n<td><strong>\u00d6sterreich<\/strong> &#8211; Autorundreise und etwas Wandern<br \/>\n<strong>Kenia<\/strong> &#8211; nur Strandurlaub<\/td>\n<\/tr>\n<tr>\n<td><strong>1994<\/strong><\/td>\n<td><strong>Sri Lanka<\/strong> &#8211; Strandurlaub mit Ausfl\u00fcgen ins Landesinnere<br \/>\n<strong>Israel<\/strong> &#8211; mit dem Zelt von Sperrgebiet zu Sperrgebiet<br \/>\n<strong>Marokko<\/strong> &#8211; Strandurlaub<\/td>\n<\/tr>\n<tr>\n<td><strong>1995<\/strong><\/td>\n<td><strong>USA S\u00fcdwesten<\/strong> &#8211; im Wohnmobil zu den Naturwundern<\/td>\n<\/tr>\n<tr>\n<td><strong>1996<\/strong><\/td>\n<td><strong>Namibia-Zimbabwe-Botswana<\/strong> &#8211; ultimative Allradsafari mit Zelt<\/td>\n<\/tr>\n<tr>\n<td><strong>1997<\/strong><\/td>\n<td><strong>Namibia-Zimbabwe-Botswana <\/strong>&#8211; Safari Teil 2<\/td>\n<\/tr>\n<tr>\n<td><strong>1998<\/strong><\/td>\n<td><strong>Dominikanische Republik<\/strong> &#8211; nur Strandurlaub<\/td>\n<\/tr>\n<tr>\n<td><strong>1999<\/strong><\/td>\n<td><strong>Schweden<\/strong> &#8211; bei Freunden in Sm\u00e2land mit Zelt<\/td>\n<\/tr>\n<tr>\n<td><strong>2000<\/strong><\/td>\n<td><strong>La Palma<\/strong> &#8211; Wandern und Baden<\/td>\n<\/tr>\n<tr>\n<td><strong>2001<\/strong><\/td>\n<td><strong>Schweden<\/strong> &#8211; bei Freunden in Sm\u00e2land<br \/>\n<strong>Tschech. Republik<\/strong> &#8211; Wandern im Riesengebirge<br \/>\n<strong>\u00d6sterreich-Italien<\/strong> &#8211; Dolomiten<\/td>\n<\/tr>\n<tr>\n<td><strong>2002<\/strong><\/td>\n<td><strong>Namibia-Zimbabwe-Botswana<\/strong> &#8211; Safari Teil 3 (canceled wegen Umzug)<br \/>\n<strong>\u00d6sterreich-Italien<\/strong> &#8211; Gardasee<br \/>\n<strong>\u00d6sterreich<\/strong> &#8211; Bergwanderung ins Steinerne Meer<br \/>\n<strong>Dubai<\/strong> &#8211; Stadt der Superlative<br \/>\n<strong>Harz<\/strong> &#8211; Weihnachten mit der Familie<\/td>\n<\/tr>\n<tr>\n<td><strong>2003<\/strong><\/td>\n<td><strong>Lanzarote<\/strong> &#8211; Wandern auf extremen Untergrund<br \/>\n<strong>\u00d6sterreich-Italien<\/strong> &#8211; Bergwandern auf \u00fcber 3000m<\/td>\n<\/tr>\n<tr>\n<td><strong>2004<\/strong><\/td>\n<td><strong>Harz<\/strong> &#8211; Winter-Besteigung des Brocken<br \/>\n<strong>Teneriffa<\/strong> &#8211; Wandern auf Berge und in Schluchten<br \/>\n<strong>\u00d6sterreich<\/strong> &#8211; Bergwandern auf \u00fcber 3000m und Gletscher-Tour<br \/>\n<strong>Kapstadt<\/strong> &#8211; Bildungsreise und mehr<\/td>\n<\/tr>\n<tr>\n<td><strong>2005<\/strong><\/td>\n<td><strong>Gran Canaria<\/strong> &#8211; etwas Wandern und Jet-Spotting<br \/>\n<strong>\u00d6sterreich<\/strong> &#8211; Bergwandern und relaxen<br \/>\n<strong>Ostsee<\/strong> &#8211; Erkunden und relaxen rund um Zingst<\/td>\n<\/tr>\n<tr>\n<td><strong>2006<\/strong><\/td>\n<td><strong>Namibia-Botswana <\/strong>&#8211; endlich wieder mit 4&#215;4 und Zelt unterwegs<strong><br \/>\nSchweiz <\/strong>&#8211; Abstecher nach Grindelwald zum Wandern<br \/>\n<strong>Madeira<\/strong> &#8211; Levada- und Bergwanderungen<br \/>\n<strong>Kroatien &#8211; <\/strong>Dienstreise und Abstecher zu den Plitvicer Seen<\/td>\n<\/tr>\n<tr>\n<td><strong>2007<\/strong><\/td>\n<td><strong>Namibia-Botswana <\/strong>&#8211; wieder eine Tour zu den Menschen und Tieren<br \/>\n<strong>\u00d6sterreich<\/strong> &#8211; Bergwandern und relaxen<br \/>\n<strong>Ostsee<\/strong> &#8211; Erkunden und relaxen auf Fehmarn<\/td>\n<\/tr>\n<tr>\n<td><strong>2008<\/strong><\/td>\n<td><strong>La Gomera <\/strong>&#8211; Wandern auf Berge und in Schluchten<strong><br \/>\nS\u00e4chsische Schweiz<\/strong> &#8211; Wanderungen im Elbsandsteingebirge<\/td>\n<\/tr>\n<tr>\n<td><strong>2009<\/strong><\/td>\n<td><strong>La Gomera <\/strong>&#8211; Wandern auf Berge und in Schluchten<br \/>\n<strong>\u00d6sterreich<\/strong> &#8211; Bergwandern ohne Ende<\/td>\n<\/tr>\n<tr>\n<td><strong>2010<\/strong><\/td>\n<td><strong>Stockholm <\/strong>&#8211; Sightseeing und Sch\u00e4rengarten<br \/>\n<strong>Mallorca <\/strong>&#8211; Erkundung der Insel inkl. Ballermann<br \/>\n<strong>\u00d6sterreich<\/strong> &#8211; Bergwandern ohne Ende<\/td>\n<\/tr>\n<tr>\n<td><strong>2011<\/strong><\/td>\n<td><strong>Mallorca <\/strong>&#8211; Erkundung des Gebirges<br \/>\n<strong>Norwegen <\/strong>&#8211; &#8218;Yeti-Tour&#8216; mit 4&#215;4 und Zelt zu den Fjorden<br \/>\n<strong>\u00d6sterreich<\/strong> &#8211; Bergwandern mit H\u00fcttentour<\/td>\n<\/tr>\n<tr>\n<td><strong>2012<\/strong><\/td>\n<td><strong>Dresden-Leipzig<\/strong> &#8211; St\u00e4dtetour mit Besuch bei Freunden<strong><br \/>\nNorwegen <\/strong>&#8211; &#8218;Yeti-Tour&#8216; mit 4&#215;4 und Zelt zu den Fjorden<strong><br \/>\nMallorca <\/strong>&#8211; Relaxen und Wandern<\/td>\n<\/tr>\n<tr>\n<td><strong>2013<\/strong><\/td>\n<td><strong>Island<\/strong> &#8211; auf der Suche nach den Nordlichtern<strong><br \/>\nKorsika<\/strong> &#8211; Erkunden und relaxen<br \/>\n<strong>Norwegen<\/strong> &#8211; &#8218;Yeti-Tour&#8216; mit 4&#215;4 und Zelt zu den Fjorden<br \/>\n<strong>London<\/strong> &#8211; Stadt der tausend Augen<\/td>\n<\/tr>\n<tr>\n<td><strong>2014<\/strong><\/td>\n<td><strong>Sardinien<\/strong> &#8211; Erkunden und relaxen<strong><br \/>\n\u00d6sterreich<\/strong> &#8211; Wandern und spezielles H\u00fcttenerlebnis<br \/>\n<strong>Kappadokien<\/strong> &#8211; Unterwegs in der bizarren Skulpturenlandschaft<\/td>\n<\/tr>\n<tr>\n<td><strong>2015<\/strong><\/td>\n<td><strong>\u00d6sterreich <\/strong>&#8211; Ballonwochen in Filzmoos<br \/>\n<strong>La Palma<\/strong> &#8211; Wandern und Relaxen auf der Finca<br \/>\n<strong>Tallinn <\/strong>&#8211; St\u00e4dtetrip<br \/>\n<strong>Norwegen<\/strong> &#8211; mit dem Wohnmobil auf die Lofoten<br \/>\n<strong>New York<\/strong> &#8211; Stadt der Superlative<\/td>\n<\/tr>\n<tr>\n<td><strong>2016<\/strong><\/td>\n<td><strong>\u00d6sterreich <\/strong>&#8211; Ballonwochen in Filzmoos<br \/>\n<strong>Norwegen<\/strong> &#8211; Lofoten vom Rorbu erkundet<br \/>\n<strong>La Palma<\/strong> &#8211; Wandern und Relaxen auf unserer Finca<br \/>\n<strong>Mallorca<\/strong> &#8211; Wandern und fotografieren<\/td>\n<\/tr>\n<\/tbody>\n<\/table>\n<table width=\"80%\">\n<tbody>\n<tr>\n<td>&nbsp;<\/td>\n<td>&nbsp;<\/td>\n<\/tr>\n<tr>\n<td><strong>2017<\/strong><\/td>\n<td><strong>Norwegen<\/strong> &#8211; Die gesamten Lofoten durchfahren<br \/>\n<strong>Lanzarote<\/strong> &#8211; Wandern und Relaxen<br \/>\n<strong>\u00d6sterreich<\/strong> &#8211; Bergwandern mal wieder<\/td>\n<\/tr>\n<tr>\n<td><strong>2018<\/strong><\/td>\n<td><strong>\u00d6sterreich <\/strong>&#8211; Ballonwochen in Filzmoos<\/td>\n<\/tr>\n<tr>\n<td><strong>2019<\/strong><\/td>\n<td>&nbsp;<\/td>\n<\/tr>\n<tr>\n<td><strong>2020<\/strong><\/td>\n<td>&nbsp;<\/td>\n<\/tr>\n<tr>\n<td><strong>2021<\/strong><\/td>\n<td>&nbsp;<\/td>\n<\/tr>\n<tr>\n<td><strong>2022<\/strong><\/td>\n<td>&nbsp;<\/td>\n<\/tr>\n<tr>\n<td><strong>2023<\/strong><\/td>\n<td>&nbsp;<\/td>\n<\/tr>\n<tr>\n<td><strong>2024<\/strong><\/td>\n<td>&nbsp;<\/td>\n<\/tr>\n<tr>\n<td><strong>2025<\/strong><\/td>\n<td>&nbsp;<\/td>\n<\/tr>\n<\/tbody>\n<\/table>\n<p>&nbsp;<\/p>\n","protected":false},"excerpt":{"rendered":"<p>1971 Polen und Abstecher nach Prag 1976 Polen (Maradki) &#8211; Natur pur 1977 Polen (Maradki) &#8211; Angeln und Boot fahren 1979 Ostsee Polen (Maradki) &#8211; Angeln und Boot fahren 1980 Polen &#8211; Besuch bei Bekannten 1981 Berlin &#8211; Camping im&#8230; <a class=\"more-link\" href=\"https:\/\/foto-adventure.de\/index.php\/travel-history\/\">Weiterlesen &rarr;<\/a><\/p>\n","protected":false},"author":2,"featured_media":0,"parent":0,"menu_order":0,"comment_status":"closed","ping_status":"closed","template":"template-nosidebar.php","meta":{"ngg_post_thumbnail":0,"footnotes":""},"class_list":["post-447","page","type-page","status-publish","hentry"],"_links":{"self":[{"href":"https:\/\/foto-adventure.de\/index.php\/wp-json\/wp\/v2\/pages\/447","targetHints":{"allow":["GET"]}}],"collection":[{"href":"https:\/\/foto-adventure.de\/index.php\/wp-json\/wp\/v2\/pages"}],"about":[{"href":"https:\/\/foto-adventure.de\/index.php\/wp-json\/wp\/v2\/types\/page"}],"author":[{"embeddable":true,"href":"https:\/\/foto-adventure.de\/index.php\/wp-json\/wp\/v2\/users\/2"}],"replies":[{"embeddable":true,"href":"https:\/\/foto-adventure.de\/index.php\/wp-json\/wp\/v2\/comments?post=447"}],"version-history":[{"count":5,"href":"https:\/\/foto-adventure.de\/index.php\/wp-json\/wp\/v2\/pages\/447\/revisions"}],"predecessor-version":[{"id":1097,"href":"https:\/\/foto-adventure.de\/index.php\/wp-json\/wp\/v2\/pages\/447\/revisions\/1097"}],"wp:attachment":[{"href":"https:\/\/foto-adventure.de\/index.php\/wp-json\/wp\/v2\/media?parent=447"}],"curies":[{"name":"wp","href":"https:\/\/api.w.org\/{rel}","templated":true}]}}